{"id":6710,"date":"2024-04-30T15:25:09","date_gmt":"2024-04-30T14:25:09","guid":{"rendered":"https:\/\/tadasana-yoga.com\/?page_id=6710"},"modified":"2025-09-27T14:20:38","modified_gmt":"2025-09-27T13:20:38","slug":"inspirez","status":"publish","type":"page","link":"https:\/\/tadasana-yoga.com\/?page_id=6710","title":{"rendered":"Inspirez"},"content":{"rendered":"<p>[et_pb_section fb_built=\u00a0\u00bb1&Prime; admin_label=\u00a0\u00bbsection\u00a0\u00bb _builder_version=\u00a0\u00bb3.22&Prime; global_colors_info=\u00a0\u00bb{}\u00a0\u00bb][et_pb_row admin_label=\u00a0\u00bbrow\u00a0\u00bb _builder_version=\u00a0\u00bb3.25&Prime; background_size=\u00a0\u00bbinitial\u00a0\u00bb background_position=\u00a0\u00bbtop_left\u00a0\u00bb background_repeat=\u00a0\u00bbrepeat\u00a0\u00bb custom_padding=\u00a0\u00bb32px|||||\u00a0\u00bb global_colors_info=\u00a0\u00bb{}\u00a0\u00bb][et_pb_column type=\u00a0\u00bb4_4&Prime; _builder_version=\u00a0\u00bb3.25&Prime; custom_padding=\u00a0\u00bb|||\u00a0\u00bb global_colors_info=\u00a0\u00bb{}\u00a0\u00bb custom_padding__hover=\u00a0\u00bb|||\u00a0\u00bb][et_pb_text admin_label=\u00a0\u00bbText\u00a0\u00bb _builder_version=\u00a0\u00bb4.10.7&Prime; background_size=\u00a0\u00bbinitial\u00a0\u00bb background_position=\u00a0\u00bbtop_left\u00a0\u00bb background_repeat=\u00a0\u00bbrepeat\u00a0\u00bb hover_enabled=\u00a0\u00bb0&Prime; global_colors_info=\u00a0\u00bb{}\u00a0\u00bb sticky_enabled=\u00a0\u00bb0&Prime;]<\/p>\n<h2 style=\"text-align: center;\"><span style=\"text-decoration: underline; color: #800080;\"><strong><a href=\"https:\/\/tadasana-yoga.com\/wp-content\/uploads\/2022\/10\/12e3d9af-c97e-49c7-bdad-986a9a01a8c8-1.jpg\"><img loading=\"lazy\" decoding=\"async\" src=\"https:\/\/tadasana-yoga.com\/wp-content\/uploads\/2022\/10\/12e3d9af-c97e-49c7-bdad-986a9a01a8c8-1.jpg\" width=\"267\" height=\"356\" alt=\"\" class=\"wp-image-6337 alignnone size-full\" style=\"float: left;\" \/><\/a><\/strong><\/span><\/h2>\n<h2 style=\"text-align: center;\"><span style=\"color: #ff6600;\"><strong>Tadasana-Yoga vous souhaite une profonde inspiration &amp; immersion dans l&rsquo;univers du Yoga &amp; de l&rsquo;Ayurveda<\/strong><\/span><span style=\"color: #800080; font-size: 16px;\"><\/span><\/h2>\n<h4 style=\"text-align: center;\"><strong><span style=\"color: #800080; font-size: 16px;\">Depuis 2013 cours hebdomadaires, s\u00e9jours d\u00e9couverte, massages &amp; conseils ayurv\u00e9diques.<\/span><\/strong><span style=\"color: #800080;\"><\/span><\/h4>\n<h4 style=\"text-align: center;\"><span style=\"color: #800080;\">Le Yoga continue de voyager \u00e0 travers les si\u00e8cles &amp; les continents, depuis le nord de l&rsquo;Inde jusqu&rsquo;\u00e0 nos jours<\/span><span style=\"color: #800080;\"> pour d\u00e9livrer son message de sagesse. Philosophie appliqu\u00e9e &amp; vivante, sa pratique est libre de droit &amp; s&rsquo;adapte \u00e0 chaque cas tout en respectant la longue lign\u00e9e dont elle est issue. <\/span><span style=\"color: #800080;\">Les textes; Upanishads, Bhagavad Gita,<\/span><span style=\"color: #800080;\"> Yoga sutra &amp; tant d&rsquo;autres <\/span><span style=\"color: #800080;\">racontent, \u00a0jalonnent le Yoga sous toutes ses formes. <\/span><\/h4>\n<h4 style=\"text-align: center;\"><span style=\"color: #800080;\">Je vous propose des pratiques \u00e9labor\u00e9es \u00e0 partir de ces fondements en abordant les diff\u00e9rents aspects du Yoga sous l&rsquo;angle des postures, de la respiration, de la concentration &amp; de la m\u00e9ditation. <\/span><span style=\"color: #800080;\">La pratique r\u00e9guli\u00e8re du yoga &amp; de l&rsquo;Ayurveda se prolonge au del\u00e0 du tapis, elle ouvre une voie o\u00f9 chacun est libre de s&rsquo;\u00e9lever \u00e0 son propre rythme.\u00a0<\/span><\/h4>\n<p style=\"text-align: center;\"><span style=\"color: #ff6600;\"><a href=\"https:\/\/tadasana-yoga.com\/wp-content\/uploads\/2022\/12\/FullSizeRender3-scaled.jpg\"><img loading=\"lazy\" decoding=\"async\" src=\"https:\/\/tadasana-yoga.com\/wp-content\/uploads\/2022\/12\/FullSizeRender3-scaled.jpg\" width=\"201\" height=\"268\" alt=\"\" class=\"wp-image-6439 alignnone size-full\" \/>\u00a0 \u00a0 \u00a0<\/a><\/span><span style=\"color: #ff6600;\"><\/span><span style=\"color: #ff6600;\"><a href=\"https:\/\/tadasana-yoga.com\/wp-content\/uploads\/2022\/12\/FullSizeRender3-scaled.jpg\">\u00a0\u00a0 <\/a><a href=\"https:\/\/tadasana-yoga.com\/wp-content\/uploads\/2016\/06\/IMG_4517-1.jpg\"><img loading=\"lazy\" decoding=\"async\" src=\"https:\/\/tadasana-yoga.com\/wp-content\/uploads\/2016\/06\/IMG_4517-1.jpg\" width=\"200\" height=\"267\" alt=\"\" class=\"wp-image-5382 alignnone size-full\" \/><\/a><a href=\"https:\/\/tadasana-yoga.com\/wp-content\/uploads\/2022\/12\/FullSizeRender3-scaled.jpg\"><\/a><\/span><\/p>\n<h3 style=\"text-align: center;\"><span style=\"color: #993366;\"><span style=\"font-size: large;\"><span style=\"caret-color: #800080;\"><em>\u00ab\u00a0<\/em><\/span><\/span><i>Abhy\u00e0sa-va\u00efr\u00e0gy\u00e0bhy\u00e0m tan-nirodhah<\/i><span style=\"font-size: large;\"><span style=\"caret-color: #800080;\"><em>\u00a0\u00bb <\/em><span style=\"caret-color: #800080; font-size: large;\">I-12 Yoga sutra de Patanjali<\/span><\/span><\/span><\/span><\/h3>\n<p style=\"text-align: center;\"><span style=\"color: #993366;\"><span style=\"font-size: large;\"><span style=\"caret-color: #800080;\">\u00a0<\/span><\/span>L\u2019arr\u00eat des pens\u00e9es automatiques s\u2019obtient par une pratique intense dans un esprit de l\u00e2cher prise.<span style=\"caret-color: #800080; font-size: large;\">\u00a0\u00ab\u00a0<\/span><\/span><span style=\"color: #993366;\">Pratiquer Abhy\u00e0sa-Va\u00efr\u00e0gya c\u2019est \u00eatre ici &amp; maintenant, trouver l\u2019\u00e9quilibre, int\u00e9grer les contraires, sans attente de r\u00e9sultat, en accomplissant l\u2019action du mieux que l\u2019on peut.\u00a0\u00bb Fran\u00e7pise Mazet<\/span><\/p>\n<h3 style=\"text-align: center;\"><span style=\"color: #ff6600;\"><strong><span style=\"text-decoration: underline;\">Choisissez votre pratique :<\/span><\/strong><\/span><\/h3>\n<p style=\"text-align: center;\"><span style=\"color: #ff6600;\"><strong><span style=\"text-decoration: underline;\">Yoga Vinyasa<\/span>:\u00a0<\/strong>Pratique fluide et dynamique.<\/span><br \/><span style=\"color: #ff6600;\">La ma\u00eetrise du souffle, l&rsquo;attention du mental, \u00a0l\u2019\u00e9quilibre du corps, du c\u0153ur et de l\u2019esprit r\u00e9veillent la circulation du Prana, l\u2019\u00e9nergie vitale.<\/span><\/p>\n<p style=\"text-align: center;\"><span style=\"color: #ff6600;\"><strong><span style=\"text-decoration: underline;\">Yin Yoga<\/span>:\u00a0<\/strong>Pratique profonde et statique.<\/span><br \/><span style=\"color: #ff6600;\">Tenue des postures pendant plusieurs minutes pour atteindre les tissus conjonctifs &amp; s&rsquo;ouvrir au calme int\u00e9rieur.<\/span><\/p>\n<p style=\"text-align: center;\"><span style=\"color: #ff6600;\"><strong><span style=\"text-decoration: underline;\">Pratique\u00a0du dimanche &amp; lundi soir<\/span>:\u00a0<\/strong>r\u00e9cup\u00e9ration lente, permet de r\u00e9initialiser le syst\u00e8me psycho-physique &amp; de se ressourcer.<br \/><\/span><\/p>\n<p style=\"text-align: center;\"><span style=\"color: #ff6600;\"><strong><span style=\"text-decoration: underline;\">La s\u00e9ance individuelle<\/span>\u00a0<\/strong>est une adaptation sur mesure afin de r\u00e9pondre \u00e0 des attentes pr\u00e9cises, id\u00e9ale en accompagnement post traumatique ou post maternit\u00e9, \u00e9galement en formule, groupe ou \u00e9v\u00e8nement.<\/span><span style=\"color: #ff6600; font-size: large;\"><\/span><span style=\"text-decoration: underline;\"><span style=\"color: #800080; font-size: large; text-decoration: underline;\"><strong><\/strong><\/span><\/span><\/p>\n<h3 style=\"text-align: center;\"><span style=\"text-decoration: underline;\"><span style=\"color: #800080; font-size: large; text-decoration: underline;\"><strong>\u00a0Tapis volant :<\/strong><\/span><\/span><\/h3>\n<p style=\"text-align: center;\"><span style=\"color: #800080; font-size: large;\">Des Alpes \u00e0 la C\u00f4te Basque, du Kerala au Maroc, de la Balagne au Finist\u00e8re; en plein air le Yoga est vibrant, sans barri\u00e8re, sans fronti\u00e8re, il se r\u00e9v\u00e8le essence-ciel &amp; vital !<\/span><\/p>\n<p style=\"text-align: center;\"><span style=\"color: #800080;\"><strong><span style=\"font-size: large;\"><a href=\"https:\/\/tadasana-yoga.com\/wp-content\/uploads\/2022\/11\/1013A948-16D6-4157-AE72-7542BFD20056-scaled.jpeg\"><\/a><a href=\"https:\/\/tadasana-yoga.com\/wp-content\/uploads\/2022\/11\/1013A948-16D6-4157-AE72-7542BFD20056-scaled.jpeg\"><img loading=\"lazy\" decoding=\"async\" src=\"https:\/\/tadasana-yoga.com\/wp-content\/uploads\/2022\/11\/1013A948-16D6-4157-AE72-7542BFD20056-scaled.jpeg\" width=\"350\" height=\"262\" alt=\"\" class=\"wp-image-6411 alignnone size-full\" \/><\/a><a href=\"https:\/\/tadasana-yoga.com\/wp-content\/uploads\/2022\/11\/1013A948-16D6-4157-AE72-7542BFD20056-scaled.jpeg\"><\/a><a href=\"https:\/\/tadasana-yoga.com\/wp-content\/uploads\/2022\/11\/1013A948-16D6-4157-AE72-7542BFD20056-scaled.jpeg\">\u00a0 \u00a0 \u00a0 <\/a><a href=\"https:\/\/tadasana-yoga.com\/wp-content\/uploads\/2022\/11\/IMG_7581.jpeg\"><img loading=\"lazy\" decoding=\"async\" src=\"https:\/\/tadasana-yoga.com\/wp-content\/uploads\/2022\/11\/IMG_7581.jpeg\" width=\"205\" height=\"302\" alt=\"\" class=\"wp-image-6405 alignnone size-full\" \/>\u00a0 \u00a0 \u00a0\u00a0<\/a><a href=\"https:\/\/tadasana-yoga.com\/wp-content\/uploads\/2019\/09\/manu-v2.jpg\"><img loading=\"lazy\" decoding=\"async\" src=\"https:\/\/tadasana-yoga.com\/wp-content\/uploads\/2019\/09\/manu-v2.jpg\" width=\"196\" height=\"261\" alt=\"\" class=\"wp-image-5897 alignnone size-full\" srcset=\"https:\/\/tadasana-yoga.com\/wp-content\/uploads\/2019\/09\/manu-v2.jpg 600w, https:\/\/tadasana-yoga.com\/wp-content\/uploads\/2019\/09\/manu-v2-225x300.jpg 225w\" sizes=\"auto, (max-width: 196px) 100vw, 196px\" \/><\/a><a href=\"https:\/\/tadasana-yoga.com\/wp-content\/uploads\/2022\/11\/IMG_7581.jpeg\"><\/a><a href=\"https:\/\/tadasana-yoga.com\/wp-content\/uploads\/2022\/11\/1013A948-16D6-4157-AE72-7542BFD20056-scaled.jpeg\"><\/a><\/span><\/strong><\/span><\/p>\n<p style=\"text-align: center;\"><span style=\"color: #800080;\"><strong><span style=\"font-size: large;\"><a href=\"https:\/\/tadasana-yoga.com\/wp-content\/uploads\/2024\/05\/8B1F46AD-E295-49DE-AD2F-DCD2F884DD87.jpeg\">\u00a0 \u00a0 \u00a0 \u00a0 \u00a0 \u00a0 \u00a0 \u00a0 \u00a0 \u00a0 \u00a0 \u00a0 <img loading=\"lazy\" decoding=\"async\" src=\"https:\/\/tadasana-yoga.com\/wp-content\/uploads\/2024\/05\/8B1F46AD-E295-49DE-AD2F-DCD2F884DD87.jpeg\" width=\"202\" height=\"269\" alt=\"\" class=\"wp-image-6742 alignnone size-full\" \/>\u00a0 \u00a0 \u00a0 \u00a0 <\/a><a href=\"https:\/\/tadasana-yoga.com\/wp-content\/uploads\/2019\/09\/\u00e9tiremnts.jpg\"><img loading=\"lazy\" decoding=\"async\" src=\"https:\/\/tadasana-yoga.com\/wp-content\/uploads\/2019\/09\/\u00e9tiremnts.jpg\" width=\"409\" height=\"307\" alt=\"\" class=\"wp-image-5895 alignnone size-full\" srcset=\"https:\/\/tadasana-yoga.com\/wp-content\/uploads\/2019\/09\/\u00e9tiremnts.jpg 800w, https:\/\/tadasana-yoga.com\/wp-content\/uploads\/2019\/09\/\u00e9tiremnts-300x225.jpg 300w, https:\/\/tadasana-yoga.com\/wp-content\/uploads\/2019\/09\/\u00e9tiremnts-768x576.jpg 768w, https:\/\/tadasana-yoga.com\/wp-content\/uploads\/2019\/09\/\u00e9tiremnts-600x450.jpg 600w, https:\/\/tadasana-yoga.com\/wp-content\/uploads\/2019\/09\/\u00e9tiremnts-510x382.jpg 510w\" sizes=\"auto, (max-width: 409px) 100vw, 409px\" \/>\u00a0\u00a0 <\/a><a href=\"https:\/\/tadasana-yoga.com\/wp-content\/uploads\/2021\/10\/3FA1A6DD-A50B-4393-8C60-662BF9AF3220-scaled.jpeg\"><img loading=\"lazy\" decoding=\"async\" src=\"https:\/\/tadasana-yoga.com\/wp-content\/uploads\/2021\/10\/3FA1A6DD-A50B-4393-8C60-662BF9AF3220-scaled.jpeg\" width=\"315\" height=\"236\" alt=\"\" class=\"wp-image-6182 alignnone size-full\" \/><\/a><a href=\"https:\/\/tadasana-yoga.com\/wp-content\/uploads\/2019\/09\/\u00e9tiremnts.jpg\"><\/a><a href=\"https:\/\/tadasana-yoga.com\/wp-content\/uploads\/2024\/05\/8B1F46AD-E295-49DE-AD2F-DCD2F884DD87.jpeg\"><\/a><\/span><\/strong><\/span><\/p>\n<p style=\"text-align: center;\"><span style=\"color: #800080;\"><strong><span style=\"font-size: large;\"><a href=\"https:\/\/tadasana-yoga.com\/wp-content\/uploads\/2022\/11\/IMG_0067-scaled.jpeg\"><img loading=\"lazy\" decoding=\"async\" src=\"https:\/\/tadasana-yoga.com\/wp-content\/uploads\/2022\/11\/IMG_0067-scaled.jpeg\" width=\"318\" height=\"238\" alt=\"\" class=\"wp-image-6406 alignnone size-full\" \/>\u00a0 \u00a0\u00a0 <\/a><a href=\"https:\/\/tadasana-yoga.com\/wp-content\/uploads\/2024\/04\/E2B58640-A546-4CE0-B4E6-40E6EF50D199.jpeg\"><img loading=\"lazy\" decoding=\"async\" src=\"https:\/\/tadasana-yoga.com\/wp-content\/uploads\/2024\/04\/E2B58640-A546-4CE0-B4E6-40E6EF50D199.jpeg\" width=\"186\" height=\"248\" alt=\"\" class=\"wp-image-6649 alignnone size-full\" \/>\u00a0\u00a0\u00a0<\/a><a href=\"https:\/\/tadasana-yoga.com\/wp-content\/uploads\/2022\/11\/IMG_0067-scaled.jpeg\"> <\/a><a href=\"https:\/\/tadasana-yoga.com\/wp-content\/uploads\/2025\/01\/ee6512ba-5feb-4a58-9d6b-8d9c140f45ef-scaled.jpeg\"><img loading=\"lazy\" decoding=\"async\" src=\"https:\/\/tadasana-yoga.com\/wp-content\/uploads\/2025\/01\/ee6512ba-5feb-4a58-9d6b-8d9c140f45ef-scaled.jpeg\" width=\"317\" height=\"238\" alt=\"\" class=\"wp-image-6868 alignnone size-full\" \/><\/a><a href=\"https:\/\/tadasana-yoga.com\/wp-content\/uploads\/2022\/11\/IMG_0067-scaled.jpeg\"><\/a><a href=\"https:\/\/tadasana-yoga.com\/wp-content\/uploads\/2024\/01\/C6801791-7858-435C-B613-69CE2DC8EDC6.jpeg\"><\/a><a href=\"https:\/\/tadasana-yoga.com\/wp-content\/uploads\/2022\/11\/IMG_7592.jpeg\"><\/a><\/span><\/strong><\/span><\/p>\n<p style=\"text-align: center;\"><span style=\"color: #ff6600;\"><\/span><\/p>\n<h3 style=\"text-align: center;\"><span style=\"color: #ff6600;\"><span style=\"text-decoration: underline;\"><strong>Choose the best practice for you:<\/strong><\/span><\/span><\/h3>\n<h4 style=\"text-align: center;\"><span style=\"color: #ff6600;\"><span style=\"text-decoration: underline;\"><strong>Yoga Vinyasa<\/strong><\/span>\u00a0Fluid practice to energize body and mind throughout balance and\u00a0breathing, awakens Prana.<\/span><\/h4>\n<h4 style=\"text-align: center;\"><span style=\"color: #ff6600;\"><span style=\"text-decoration: underline;\"><strong>\u00a0Yin Yoga<\/strong><\/span>\u00a0Deep and still postures, dive into interiority, release physical tension, mental stress.<\/span><\/h4>\n<h4 style=\"text-align: center;\"><span style=\"color: #ff6600;\"><span style=\"text-decoration: underline;\"><strong>S<\/strong><\/span><strong><span style=\"text-decoration: underline;\">unday\u2019s evening<\/span>\u00a0slow motion restorative practice,<\/strong>\u00a0gentle benefic ending of the week-end.<\/span><\/h4>\n<h4 style=\"text-align: center;\"><span style=\"color: #ff6600;\"><span style=\"text-decoration: underline;\"><strong>\u00a0Individual practice<\/strong><\/span> is a face to face best suited for personal request.<\/span><\/h4>\n<p style=\"text-align: center;\"><span style=\"color: #ff6600;\"><em>\u00a0Yoga practice will extend, and gradually echo into daily thoughts and attitudes. It initiates a new path for life, free to experience at one\u2019s own pace.\u00a0Breathe in; fill inside, hold the breath; feel reunified, breath out; sparkle seriously humble.<\/em><\/span><\/p>\n<p>&nbsp;<\/p>\n<p>[\/et_pb_text][\/et_pb_column][\/et_pb_row][\/et_pb_section]<\/p>\n","protected":false},"excerpt":{"rendered":"<p>Tadasana-Yoga vous souhaite une profonde inspiration &amp; immersion dans l&rsquo;univers du Yoga &amp; de l&rsquo;Ayurveda Depuis 2013 cours hebdomadaires, s\u00e9jours d\u00e9couverte, massages &amp; conseils ayurv\u00e9diques. Le Yoga continue de voyager \u00e0 travers les si\u00e8cles &amp; les continents, depuis le nord de l&rsquo;Inde jusqu&rsquo;\u00e0 nos jours pour d\u00e9livrer son message de sagesse. Philosophie appliqu\u00e9e &amp; vivante, [&hellip;]<\/p>\n","protected":false},"author":2,"featured_media":0,"parent":0,"menu_order":0,"comment_status":"closed","ping_status":"closed","template":"","meta":{"_et_pb_use_builder":"on","_et_pb_old_content":"<h3 style=\"text-align: center;\"><span style=\"color: #ff6600;\"><strong>Tadasana-Yoga <\/strong><\/span><\/h3>\r\n<p style=\"text-align: center;\"><span style=\"color: #ff6600;\">vous souhaite une profonde inspiration & immersion dans l'univers du Yoga. Depuis je vous propose des cours hebdomadaires, des s\u00e9jours d\u00e9couverte, des massages & conseils ayurv\u00e9diques de Chamonix \u00e0 la C\u00f4te Basque en passant par la Corse, le Finist\u00e8re & le Kerala.\u00a0<\/span><\/p>\r\n<p style=\"text-align: center;\"><span style=\"color: #ff6600;\">Le Yoga n'a cess\u00e9 d'\u00e9voluer en traversant les si\u00e8cles & les continents, depuis le nord de l'Inde jusqu'\u00e0 aujourd'hui pour nous d\u00e9livrer son message de sagesse. Le yoga est une philosophie appliqu\u00e9e & vivante, c'est pourquoi les pratiques s'adaptent au gr\u00e9 du vent & des participants tout en respectant la longue lign\u00e9e & les textes desquels elles sont issues. Les Yoga sutra, les Upanishads, la Bagavad Gita, le Vijjnana Bhairava, autant de textes inspirants qui racontent & jalonnent le Yoga ou plus exactement les Yogas sous toutes ses formes. Vous pouvez choisir parmi les diff\u00e9rentes pratiques hebdomadaires celle qui vous convient, planifier avec vos proches des s\u00e9ances privatis\u00e9es ou vous joindre \u00e0 l'un des s\u00e9jours propos\u00e9s tout au long de l'ann\u00e9e. <\/span><\/p>\r\n<p style=\"text-align: center;\"><span style=\"color: #ff6600;\">\u00catre \u00e0 l\u2019int\u00e9rieur, rayonner \u00e0 l\u2019ext\u00e9rieur, guid\u00e9 par le souffle. \u00catre uni avec le Tout, le tout avec s\u00e9rieux sans se prendre au s\u00e9rieux. La pratique r\u00e9guli\u00e8re du yoga & de l'Ayurveda se prolonge au del\u00e0 des s\u00e9ances, elle d\u00e9pose son empreinte & ouvre une voie o\u00f9 chacun est libre de cheminer \u00e0 son propre rythme.<\/span><\/p>\r\n<p style=\"text-align: center;\"><\/p>\r\n\r\n<div style=\"text-align: center;\">\r\n<h3><span style=\"color: #800080;\"><strong><span style=\"text-decoration: underline;\">Les diff\u00e9rentes pratiques:<\/span><\/strong><\/span><\/h3>\r\n<h4><span style=\"color: #800080;\"><strong><span style=\"text-decoration: underline;\">Yoga Vinyasa<\/span>:\u00a0<\/strong>Pratique fluide et dynamique.<\/span>\r\n<span style=\"color: #800080;\">La ma\u00eetrise du souffle, l\u2019\u00e9quilibre du corps, du c\u0153ur et de l\u2019esprit r\u00e9veillent la circulation du Prana, l\u2019\u00e9nergie vitale.<\/span><\/h4>\r\n<h4><span style=\"color: #800080;\"><strong><span style=\"text-decoration: underline;\">Yin Yoga<\/span>:\u00a0<\/strong>Pratique profonde et statique.<\/span>\r\n<span style=\"color: #800080;\">Immersion dans les postures par palier pendant plusieurs minutes, produit une grande d\u00e9tente physique & apaisement du mental.<\/span><\/h4>\r\n<h4><span style=\"color: #800080;\"><strong><span style=\"text-decoration: underline;\">Pratique\u00a0du dimanche & lundi soir<\/span>:<\/strong>\u00a0Pratique restaurative & lente, permet de r\u00e9parer le syst\u00e8me psycho-physique & de se recentrer.\r\n<\/span><\/h4>\r\n<h4><span style=\"color: #800080;\"><strong><span style=\"text-decoration: underline;\">La s\u00e9ance individuelle<\/span>\u00a0<\/strong>est une adaptation sur mesure consid\u00e9rant les particularit\u00e9s de chacun afin de\u00a0r\u00e9pondre \u00e0 des attentes pr\u00e9cises.\u00a0<\/span><\/h4>\r\n<h3 class=\"default-heading2\" style=\"text-align: center;\"><strong><span style=\"text-decoration: underline; color: #ff6600;\">Stages & retraites 2024<\/span><\/strong><\/h3>\r\n<\/div>\r\n<div class=\"default-style\" style=\"text-align: center;\">\r\n\r\n<span style=\"font-size: large; color: #ff6600;\">* <span style=\"text-decoration: underline;\">Stage surf & Yoga Gu\u00e9thary<\/span> <strong>\u00a0du 3 au 8 juin 2024\u00a0<\/strong><\/span>\r\n\r\n<span style=\"font-size: large; color: #ff6600;\">* <span style=\"text-decoration: underline;\">Retraite Yoga Bretagne<\/span> <strong>du 18 au 24 ao\u00fbt 2024<\/strong><\/span>\r\n\r\n<span style=\"font-size: large; color: #ff6600;\"><span style=\"text-decoration: underline;\">*\u00a0Stage 5 jours Corse\u00a0<strong>du 21 au 25 octobre 2024\u00a0<\/strong><\/span><\/span>\r\n\r\n<span style=\"font-size: large; color: #ff6600;\"><span style=\"text-decoration: underline;\">*Cure Yoga-Ayurveda & s\u00e9jour Kerala<\/span><strong>\u00a0novembre 2025\u00a0<\/strong><\/span>\r\n\r\n<span style=\"color: #ff6600;\"><strong><span style=\"font-size: large;\">D\u00e9tails, \u00a0tarifs & r\u00e9servation sur la page stages & retraites OU<\/span><span style=\"font-size: large;\">\u00a006.22.38.77.98<\/span><\/strong><\/span><span style=\"color: #ff6600;\"><strong style=\"font-size: large;\">\u00a0 \u00a0<\/strong><\/span><strong style=\"font-size: large;\"><span style=\"color: #ff6600;\">\u00a0 \u00a0 \u00a0 \u00a0<\/span> \u00a0 \u00a0 \u00a0 \u00a0 \u00a0 \u00a0 \u00a0 \u00a0 \u00a0 \u00a0 \u00a0 \u00a0 \u00a0 \u00a0 \u00a0 \u00a0 \u00a0 \u00a0 \u00a0 \u00a0 \u00a0 \u00a0 \u00a0 \u00a0 \u00a0 \u00a0 \u00a0 \u00a0 \u00a0 \u00a0 \u00a0 \u00a0<\/strong>\r\n\r\n<\/div>\r\n<h3 class=\"default-heading2\" style=\"text-align: center;\"><strong><span style=\"color: #800080;\"><span style=\"text-decoration: underline;\">Soins corporels & conseils en nutrition ayurv\u00e9diques:<\/span>\u00a0<\/span><\/strong><\/h3>\r\n<p style=\"text-align: center;\"><span style=\"color: #800080; font-size: x-large;\"><span style=\"font-size: large;\">\u00a0<span style=\"text-align: center;\">\u00a0Un soin<\/span><\/span><span style=\"text-align: center; font-size: large;\">\u00a0 65\u20ac \u00a01 heure \/ 3 soins 180 \u20ac<\/span><\/span><\/p>\r\n<p style=\"text-align: center;\"><span style=\"color: #800080;\"><span style=\"font-size: large;\">\u00a0Une consultation nutrition \u00a065\u20ac \/ <\/span><span style=\"font-size: large;\">\u00a03 consultations avec suivi 150\u20ac payables d'avance valables non remboursable.<\/span><\/span><\/p>\r\n<p style=\"text-align: center;\"><span style=\"font-size: medium; color: #800080;\">\u00a0<strong>En cas d'annulation d'un rdv moins de 24h \u00e0 l'avance, la s\u00e9ance est due int\u00e9gralement,<\/strong><\/span><\/p>\r\n<p style=\"text-align: center;\"><span style=\"font-size: medium; color: #800080;\"><strong style=\"text-align: center;\">\u00a0mail : flo@tadasana-yoga.fr \/ t\u00e9l\u00e9phone : 06 22 38 77 98<\/strong><\/span><\/p>\r\n<p style=\"text-align: center;\"><\/p>\r\n\u00a0","_et_gb_content_width":"","footnotes":""},"class_list":["post-6710","page","type-page","status-publish","hentry"],"_links":{"self":[{"href":"https:\/\/tadasana-yoga.com\/index.php?rest_route=\/wp\/v2\/pages\/6710","targetHints":{"allow":["GET"]}}],"collection":[{"href":"https:\/\/tadasana-yoga.com\/index.php?rest_route=\/wp\/v2\/pages"}],"about":[{"href":"https:\/\/tadasana-yoga.com\/index.php?rest_route=\/wp\/v2\/types\/page"}],"author":[{"embeddable":true,"href":"https:\/\/tadasana-yoga.com\/index.php?rest_route=\/wp\/v2\/users\/2"}],"replies":[{"embeddable":true,"href":"https:\/\/tadasana-yoga.com\/index.php?rest_route=%2Fwp%2Fv2%2Fcomments&post=6710"}],"version-history":[{"count":20,"href":"https:\/\/tadasana-yoga.com\/index.php?rest_route=\/wp\/v2\/pages\/6710\/revisions"}],"predecessor-version":[{"id":6954,"href":"https:\/\/tadasana-yoga.com\/index.php?rest_route=\/wp\/v2\/pages\/6710\/revisions\/6954"}],"wp:attachment":[{"href":"https:\/\/tadasana-yoga.com\/index.php?rest_route=%2Fwp%2Fv2%2Fmedia&parent=6710"}],"curies":[{"name":"wp","href":"https:\/\/api.w.org\/{rel}","templated":true}]}}